aluate -11 + 8 + 5 + 16 + 1 + -2.
17
Evaluate -2 + 1 - 0 - ((5 - 10) + -4).
8
-10 + 0 + -2 + 11 + -11
-12
Calculate 22 - 41 - (1 + 6 - (15 + -10)).
-21
Evaluate 0 + (2 - -3) - (33 - 36).
8
What is 81 - 83 - (4 + -1 - 1)?
-4
-14 + 16 + (-4 - 6) + 6
-2
45 + 9 + -16 + -16
22
What is 1 + -16 - ((71 - 84) + (0 - -8))?
-10
What is 3 - (20 - (17 + -11 + -1))?
-12
What is the value of (-100 - -96) + (2 - 6)?
-8
What is -18 - (3 + (6 - (8 + 9) - -3))?
-13
Calculate 95 - 104 - (-14 - -5).
0
What is the value of 6 - (21 - 6) - (5 - -2)?
-16
Evaluate (14 - 14) + (6 - 1) + (-12 - 11).
-18
Calculate 1 - 3 - (6 - -2).
-10
What is 1 - (-1 - (2 - 1)) - (1386 + -1374)?
-9
0 - 11 - (6 + -2 - (119 + -111))
-7
What is the value of -1 + (38 - 21) + -21?
-5
What is the value of (0 - (-1 + 1)) + (3 - (5 - 11))?
9
What is (11 - 1) + 1 - (74 - 71)?
8
Calculate 8 + 4 + -15 + 8 - (-1 + 9).
-3
10 + -5 + 18 + 19 + -20
22
(-39 - -72) + -35 + 1
-1
What is the value of 10 + -1 + (9 - (-1 - -14))?
5
(-21 - (-12 + -6)) + 2 + 20 + -3
16
Evaluate -5 - -1 - (-16 - (-42 - -16)).
-14
Evaluate -31 + (-5 - -5) - (0 + 0 + 0).
-31
-6 + 13 + 1 - 7
1
38 - (-12 + (-9 - -43))
16
Calculate 6 + (-15 - 1) + 9.
-1
What is 138 + -164 + 1 + -1 + 1?
-25
34 - (24 + 44) - -1
-33
Evaluate -18 + (-3 + 35 - 31).
-17
Evaluate 1 + (-12 + 2 - (-23 + 18)).
-4
What is the value of -8 + (156 + -137 - (7 - 0))?
4
Calculate -14 + (26 - 17) + 9.
4
(-19 - (-2 - 1)) + (-17 - -8)
-25
Calculate (-10 + 38 - 25) + 13.
16
-16 + (-12 + 22 - 9)
-15
Calculate -6 - ((2 - 3) + 1 + -2 + 8).
-12
What is the value of -4 + (-4 + 10 - 9) - 4?
-11
-4 + 6 - -3 - (7 + -8)
6
Calculate 4 + -4 + -4 + -9 + 8.
-5
What is 0 + 9 + -21 + 11?
-1
Evaluate 9 - ((8 - 4) + 1 - (-1 - -3)).
6
52 + -25 + (-7 - -19) - 13
26
What is the value of 11 - 21 - -2 - (2 - 38)?
28
Evaluate -488 + 484 - ((-4 - -1) + -29).
28
What is the value of (-9 - 0 - (-14 - -14)) + (-1 - 0)?
-10
9 + (-12 - (6 + 2)) - -11 - 1
-1
What is 24 - (67 + -56 + 0 + 2 + -9)?
20
9 + -2 + (-3 - 0) + -1 + 8
11
-4 - -13 - ((12 - 4) + -12)
13
Calculate -7 + (7 + (-3 - (1 - -3)) - 3).
-10
Calculate (1 + 0 - 1) + 32 + 65 + -93.
4
Calculate 2 + -5 - (1 - -15 - (18 + -7)).
-8
Calculate (1 - 12) + 9 - (6 - 1 - 1).
-6
Calculate -22 + (5 - 2) + 0.
-19
What is 2 - -2 - (3 - 10 - 10)?
21
-150 + 170 + 1 + -10
11
What is the value of -20 - (11 + (-4 + 14 - (41 + -20)))?
-20
What is the value of (-30 - -24) + (8 - 0)?
2
What is the value of (207 - 169) + (1 - 68)?
-29
What is 19 + -20 + 6 + -15?
-10
(140 - 110) + 3 + (3 - 2) + -8
26
311 + -309 + (-23 - -3)
-18
What is the value of -4 + (-1 - 19 - -27)?
3
Evaluate 1 - ((7 - 11) + -8).
13
What is -3 - (-15 + (4 - (-2 - (-1 + -4))))?
11
What is (10 + -5 - 3) + -8?
-6
-11 + -2 - (-21 + (34 - 52))
26
Evaluate -66 - (4 + -32 + -12).
-26
Calculate -7 + (-3 - ((1 - -11) + -38)).
16
Evaluate (15 - 48) + 55 - (1 + 0).
21
-1 - -16 - (80 + -83)
18
What is the value of -25 + (46 - (-4 + 4))?
21
1 + 3 + -38 + -37 + 51
-20
What is the value of -9 + (-3 - -2) + 7 - (-15 + 0)?
12
Evaluate 15 + -22 + -2 + 6.
-3
Calculate -63 - -60 - (11 + -2) - (18 + -1).
-29
What is the value of (12 - 7) + (1 - 4) + -1?
1
What is (-1 - 4 - 18) + 1 + 11?
-11
What is -52 + 9 - (-64 + -15)?
36
Evaluate (-5 - -9) + -3 + 4.
5
Evaluate -161 - -152 - (-5 + 6).
-10
Calculate (0 + 14 + -22 - 6) + 19.
5
Evaluate 16 + (30 + -20 - (11 - 2)).
17
Calculate 6 + 4 + 7 + -27.
-10
Evaluate 10 - (-7 - -1 - -32).
-16
6 + -14 - (-1 - 2) - (-110 + 96)
9
Evaluate 4 - -7 - (4 - (-4 - -2)).
5
Evaluate (-81 - -74) + (10 - (1 - 3)).
5
What is (1 - 2) + (3 - (9 + -8 + -16))?
17
What is the value of (63 - (135 + -59)) + (1 - -3)?
-9
Calculate (-36 - -23) + 15 - 6.
-4
Calculate -2 + 10 + 82 + -80 - 10.
0
What is the value of -38 + -7 + 25 + 20?
0
Evaluate 13 + -1 + (-113 - -100).
-1
2 + -11 + (15 - 12)
-6
25 + (23 + -25 - (8 + -4 + 3))
16
Evaluate 29 + (-22 - 24) + 29.
12
Evaluate (0 - -6) + (-20 - -46) + -34.
-2
What is (-146 - -155) + 1 + -2 + (0 - 0)?
8
Calculate -4 - (-14 - (-1 + -25)).
-16
290 + -284 - (3 - 1 - -16)
-12
Evaluate -3 + 7 - (13 + 3 - 6).
-6
Evaluate -3 + -3 + (-33 - -31) - 0.
-8
Calculate (-4 - -2 - -1) + (0 - -3) - -8.
10
Calculate (3 - 0) + -5 - -7.
5
What is the value of 3 + 2 + -1 + (-6 - (10 - 4))?
-8
Calculate -7 - (0 + -2) - (-68 + 58).
5
Evaluate -28 - (34 - (75 + -15)).
-2
Calculate 21 + -4 + -56 + 28 + -21.
-32
Calculate -4 - (20 + -55) - 25.
6
What is the value of 13 + (27 - 17 - 15)?
8
Calculate -5 + -20 + 23 + 3.
1
What is 18 - 22 - ((-15 + 3 - -3) + -3)?
8
-10 - ((0 - (0 - -2)) + -6)
-2
-14 + -1 + 2 + -60 + 59
-14
Evaluate -35 + 45 + -24 + 0 + -7.
-21
What is the value of 1 + -1 + (-1063 - -1058)?
-5
Calculate 10 + (2 - 2) - (18 + -5 + -15).
12
Evaluate -5 + -4 + -6 + -14 + 2 + 5.
-22
What is the value of 34 - 41 - (-2 + -2 + -2 + 7)?
-8
Calculate -7 + (28 + 9 - 8).
22
Evaluate 29 + -27 + (-14 - -25).
13
What is (-1 - (3 - 2)) + 8 + (0 - 0)?
6
Calculate 3 - (-20 - -15 - -11) - (-1 - 14).
12
Calculate (2 - 9) + (2 - -2 - (-37 + 31)).
3
Calculate 0 + -1 + 2 + (-2134 - -2136).
3
What is -13 + 31 - (3 + 11)?
4
Evaluate (-42 - -31) + -31 - -64.
22
Calculate -6 - (-6 + 18) - -16.
-2
(-4 - (9 - (-6 - -27))) + 10
18
Evaluate -9 - (-23 - (22 - 57)).
-21
Evaluate 12 - ((-36 - -51) + (-7 - 0) - 2).
6
Calculate (-4 - (8 + -5 + 7)) + 6.
-8
What is the value of (-5 - -3 - (-13 - 13)) + -11 + 11?
24
What is (-127 - -129) + (0 - (2 + -3)) + 5?
8
Evaluate 389 + -377 - (2 + 7).
3
Calculate (-3 - (-17 + -3)) + -14.
3
Evaluate 5 + 0 + (23 - (3 - (-35 - -2))).
-8
Evaluate (-37 - -31) + 1 + 2 + 10 + 3.
10
Evaluate 1 + (-13 - (-24 - -11 - 17)).
18
What is the value of 8 - ((6 - 19) + 14 + (21 - -2))?
-16
What is the value of -3 + (-21 - (15 + -29))?
-10
Evaluate (20 - (4 + 7 + -2)) + -6.
5
Calculate (237 - 273) + -1 + 33.
-4
What is 27 + (-9 + -11 - -6) + -12?
1
What is -1 + -1 - (-14 + -19 + 15 + 13)?
3
-32 + 3 - (-1 - -1)
-29
What is the value of -1 + -25 + 1170 + -1147?
-3
What is the value of -4 + 0 + 0 + -1 + -4?
-9
9 + (106 - 91) + (-18 - -1)
7
What is 3 + -22 + -13 + 17?
-15
What is the value of -8 + 4 + 24 + (-1 - (-3 + 8))?
14
Calculate (-24 - (-9 + 13)) + -45 + 39.
-34
-7 + (3 + 6 + -2 - 14)
-14
What is the value of -4 + -1 - (1 - -23 - 9)?
-20
Evaluate -21 - (-24 + 9) - (-1 + -1).
-4
Calculate -97 + 115 + (-12 - 1).
5
Calculate 8 + -12 + (6 - -2) + -5 - -10.
9
7 + (-13 - (-14 - (-3 + 2 - 4)))
3
What is the value of (88 + -38 - 47) + -6 + -1 + 1?
-3
487 - 463 - (-1 - -28)
-3
What is -23 + 49 - 12 - 1?
13
What is the value of -3 - (3 + (-1 - 0) - (-3 + -1))?
-9
What is the value of -5 + 2 + (10 + -21 - -3)?
-11
What is 20 + (-4 - -12 - 11) - 10?
7
-38 + 28 + -4 - -25
11
What is the value of 2 + (-22 + 22 - -15)?
17
Calculate 4 + 5 + -11 - -3.
1
What is the value of 1 - -4 - ((9 + -15 - -10) + -10)?
11
What is -12 + (-27 - -18 - -20)?
-1
-3 + (7 + -9 - -6) + 1
2
0 - (6 - 2) - (-24 + -16 + 24)
12
7 - (-6 - (-18 + 1 - (43 + -46)))
-1
Calculate 15 + -18 + (21 - -3).
21
What is 36 - (2 + -5 - -22)?
17
What is the value of -3 + 7 + -2 - (5 - (11 - 2))?
6
What is -3 + 4 + (-14 - 1)?
-14
7 - (13 + -6 + (-7 - -7))
0
What is (12 - (-7 - -27)) + -6 + -8 + 2?
-20
Calculate (-13 - -31 - -7) + (6 - (4 - -11)).
16
5 + 32 + 287 + -293
31
-1 + -7 - ((-2 - -6) + (5 - 29))
12
Evaluate -4 + 3 + -1 - -5 - (-6 - -6).
3
What is 17 + -24 + 22 + -6 + 2?
11
What is -115 - -120 - (-3 + -5 + 3 + 35)?
-25
Calculate -8 - (3 + 1 - (-34 + 42)).
-4
-1 + -4 - ((4 - 2) + (-4 - 7))
4
Calculate -3 + -2 - -3 - 3 - (57 - 72).
10
Calculate (3 + -2 - 1) + (6 - (1 + 20)).
-15
1 - ((-9 - (6 + -14)) + 5)
-3
What is -2 + -2 + (-12 + 7 - -3 - -5)?
-1
What is (-1 - 2) + 5 + -8 - (3 + 2)?
-11
Calculate 3 + 0 + 12 + -4 + 2 + -1.
12
Evaluate (-1 - 2 - -5) + -8 + (-19 - -8).
-17
(-7 + 11 - (1 - -3)) + 0
0
What is (-3 - -29) + -13 + (14 - -2) + -8?
21
Evaluate 4 - (7 + -3 + -4 + -3) - 6.
1
Calculate (4 - 13) + (3 - (3 - -6)) + 0.
-15
What is the value of -1 - (-7 - 3 - (3 + -2))?
10
What is (10 - 2) + (-155 - -164)?
17
Calculate -11 - ((-17 - -16) + (-3 - 2)).
-5
Calculate (5 - -84) + -42 - 46.
1
Evaluate -26 + (-16 - -36) + -17.
-23
What is the value of 21 + (-5 + -7 - 2) + -2 + 0?
5
-22 + 14 + 14 + 13
19
Evaluate (15 - (3 - -3)) + 2 